 thousands digit of 301619336?
6
What is the units digit of 518427234?
4
What is the hundred thousands digit of 59342732?
3
What is the hundred thousands digit of 249419422?
4
What is the thousands digit of 352986905?
6
What is the millions digit of 405434056?
5
What is the millions digit of 22874427?
2
What is the hundred millions digit of 573668430?
5
What is the units digit of 4547383151?
1
What is the tens digit of 1421231694?
9
What is the thousands digit of 5316080227?
0
What is the thousands digit of 97478809?
8
What is the thousands digit of 540632755?
2
What is the hundred thousands digit of 19278313?
2
What is the tens digit of 307267005?
0
What is the ten thousands digit of 278174464?
7
What is the tens digit of 191585944?
4
What is the millions digit of 39157460?
9
What is the hundred thousands digit of 168615333?
6
What is the hundred millions digit of 1527806150?
5
What is the thousands digit of 670192?
0
What is the hundred millions digit of 218192791?
2
What is the hundred thousands digit of 36758318?
7
What is the hundred millions digit of 623267307?
6
What is the ten thousands digit of 289137550?
3
What is the hundred thousands digit of 202319925?
3
What is the millions digit of 147328504?
7
What is the ten millions digit of 438802172?
3
What is the ten thousands digit of 68520642?
2
What is the ten thousands digit of 840554936?
5
What is the hundreds digit of 9220196?
1
What is the tens digit of 29002837?
3
What is the hundred millions digit of 2853435539?
8
What is the units digit of 24892923?
3
What is the thousands digit of 49437196?
7
What is the hundreds digit of 11209557?
5
What is the thousands digit of 532525310?
5
What is the ten thousands digit of 180191325?
9
What is the ten thousands digit of 51086564?
8
What is the hundred thousands digit of 22330329?
3
What is the ten thousands digit of 415743?
1
What is the hundred millions digit of 2071854047?
0
What is the units digit of 35864394?
4
What is the ten thousands digit of 1693851226?
5
What is the units digit of 797587250?
0
What is the ten millions digit of 111755066?
1
What is the millions digit of 63337756?
3
What is the thousands digit of 111299172?
9
What is the hundreds digit of 583034971?
9
What is the ten thousands digit of 4708599178?
9
What is the millions digit of 140744585?
0
What is the ten thousands digit of 395512406?
1
What is the hundred thousands digit of 1142457116?
4
What is the ten thousands digit of 271563029?
6
What is the hundred thousands digit of 1622092398?
0
What is the ten thousands digit of 86576850?
7
What is the ten thousands digit of 1378595259?
9
What is the tens digit of 332947034?
3
What is the hundred millions digit of 579132645?
5
What is the tens digit of 626990007?
0
What is the thousands digit of 4133342665?
2
What is the billions digit of 1765346798?
1
What is the units digit of 120112680?
0
What is the hundreds digit of 51862221?
2
What is the millions digit of 275758517?
5
What is the tens digit of 144177987?
8
What is the ten thousands digit of 76861416?
6
What is the hundred millions digit of 129958674?
1
What is the ten millions digit of 421316769?
2
What is the units digit of 194181019?
9
What is the millions digit of 54912211?
4
What is the ten thousands digit of 291141349?
4
What is the ten millions digit of 270083518?
7
What is the hundred thousands digit of 330961740?
9
What is the hundreds digit of 11105163?
1
What is the hundred thousands digit of 13297632?
2
What is the ten thousands digit of 127633594?
3
What is the ten millions digit of 338118057?
3
What is the ten thousands digit of 3640355582?
5
What is the units digit of 84034119?
9
What is the hundred thousands digit of 45984227?
9
What is the tens digit of 92464162?
6
What is the ten millions digit of 1735408403?
3
What is the hundred thousands digit of 988850762?
8
What is the ten millions digit of 509566048?
0
What is the tens digit of 1885092847?
4
What is the thousands digit of 59217982?
7
What is the ten millions digit of 384582135?
8
What is the hundred millions digit of 571615771?
5
What is the thousands digit of 4787543611?
3
What is the ten thousands digit of 1445895822?
9
What is the ten millions digit of 504280404?
0
What is the tens digit of 6395584356?
5
What is the tens digit of 61652413?
1
What is the ten millions digit of 71033821?
7
What is the hundred thousands digit of 70810600?
8
What is the hundred thousands digit of 356129201?
1
What is the billions digit of 1658846291?
1
What is the ten thousands digit of 1009302439?
0
What is the ten thousands digit of 17853554?
5
What is the ten thousands digit of 743489475?
8
What is the hundreds digit of 639008730?
7
What is the thousands digit of 9256261?
6
What is the hundreds digit of 356329390?
3
What is the tens digit of 27849112?
1
What is the millions digit of 7080385?
7
What is the millions digit of 135344956?
5
What is the thousands digit of 338298195?
8
What is the units digit of 60452092?
2
What is the hundred thousands digit of 6061595657?
5
What is the tens digit of 1059830713?
1
What is the units digit of 95443009?
9
What is the tens digit of 15989219?
1
What is the hundred millions digit of 1742202790?
7
What is the millions digit of 3610457673?
0
What is the thousands digit of 2501952664?
2
What is the ten thousands digit of 123719736?
1
What is the hundred millions digit of 204716480?
2
What is the millions digit of 241148319?
1
What is the tens digit of 166683759?
5
What is the tens digit of 2520806150?
5
What is the units digit of 1617540022?
2
What is the hundred thousands digit of 40652429?
6
What is the tens digit of 4513915083?
8
What is the millions digit of 22482635?
2
What is the units digit of 657489458?
8
What is the thousands digit of 57372742?
2
What is the tens digit of 1101191803?
0
What is the millions digit of 1270798384?
0
What is the millions digit of 961631787?
1
What is the hundred millions digit of 1474080773?
4
What is the hundred millions digit of 120127461?
1
What is the thousands digit of 86101553?
1
What is the ten thousands digit of 14507168?
0
What is the hundreds digit of 31642782?
7
What is the ten thousands digit of 66456309?
5
What is the units digit of 14030907?
7
What is the units digit of 58756299?
9
What is the units digit of 30722111?
1
What is the tens digit of 182381378?
7
What is the millions digit of 59947164?
9
What is the millions digit of 326004277?
6
What is the hundred millions digit of 460485976?
4
What is the tens digit of 617958479?
7
What is the hundreds digit of 882817088?
0
What is the ten millions digit of 108542285?
0
What is the thousands digit of 681931667?
1
What is the hundred thousands digit of 170050559?
0
What is the ten thousands digit of 328432423?
3
What is the thousands digit of 47704484?
4
What is the millions digit of 33322573?
3
What is the ten thousands digit of 68733694?
3
What is the thousands digit of 39322331?
2
What is the tens digit of 138758015?
1
What is the ten millions digit of 8304348888?
0
What is the ten thousands digit of 38483186?
8
What is the hundred thousands digit of 495952542?
9
What is the ten thousands digit of 64964878?
6
What is the hundred thousands digit of 1772822466?
8
What is the hundred thousands digit of 461608717?
6
What is the units digit of 52388672?
2
What is the hundreds digit of 4579901220?
2
What is the hundred thousands digit of 131246571?
2
What is the hundred thousands digit of 573940126?
9
What is the thousands digit of 804898646?
8
What is the hundred thousands digit of 1721304870?
3
What is the hundred thousands digit of 39232197?
2
What is the tens digit of 110023126?
2
What is the hundreds digit of 55013406?
4
What is the units digit of 74715875?
5
What is the hundreds digit of 798262849?
8
What is the millions digit of 778676395?
8
What is the tens digit of 486065195?
9
What is the hundreds digit of 168089371?
3
What is the tens digit of 70902224?
2
What is the tens digit of 51929057?
5
What is the hundred thousands digit of 6282912?
2
What is the thousands digit of 2770809196?
9
What is the units digit of 966542?
2
What is the hundreds digit of 62718173?
1
What is the millions digit of 37976402?
7
What is the hundred thousands digit of 40584468?
5
What is